{"id":3227,"date":"2020-12-04T14:36:20","date_gmt":"2020-12-04T13:36:20","guid":{"rendered":"https:\/\/pasakebab.hu\/tatabanya\/termek\/csirkehusos-durum\/"},"modified":"2026-01-30T19:52:08","modified_gmt":"2026-01-30T18:52:08","slug":"csirkehusos-durum","status":"publish","type":"product","link":"https:\/\/pasakebab.hu\/tatabanya\/termek\/csirkehusos-durum\/","title":{"rendered":"Csirkeh\u00fasos d\u00fcr\u00fcm"},"content":{"rendered":"","protected":false},"excerpt":{"rendered":"<p>\u00c9rdekess\u00e9ge, hogy nem pit\u00e1ban, hanem\u00a0 tortilla t\u00e9szt\u00e1ba tekerj\u00fck fel a grillezett h\u00fast, speci\u00e1lis \u00f6ntettel \u00e9s friss z\u00f6lds\u00e9gekkel (sal\u00e1ta,paradicsom, k\u00e1poszta, lilahagyma,uborka) t\u00e1laljuk, cs\u00edp\u0151s chili paprik\u00e1val f\u0171szerezz\u00fck.<\/p>\n","protected":false},"featured_media":17979,"template":"","meta":{"_acf_changed":false,"_monsterinsights_skip_tracking":false,"_monsterinsights_sitenote_active":false,"_monsterinsights_sitenote_note":"","_monsterinsights_sitenote_category":0},"product_brand":[],"product_cat":[345],"product_tag":[],"class_list":{"0":"post-3227","1":"product","2":"type-product","3":"status-publish","4":"has-post-thumbnail","6":"product_cat-durum","8":"first","9":"instock","10":"shipping-taxable","11":"product-type-simple"},"yoast_head":"<!-- This site is optimized with the Yoast SEO plugin v26.8 - https:\/\/yoast.com\/product\/yoast-seo-wordpress\/ -->\n<title>Csirkeh\u00fasos d\u00fcr\u00fcm - Pasa Kebab Tatab\u00e1nya<\/title>\n<meta name=\"robots\" content=\"index, follow, max-snippet:-1, max-image-preview:large, max-video-preview:-1\" \/>\n<link rel=\"canonical\" href=\"https:\/\/pasakebab.hu\/tatabanya\/termek\/csirkehusos-durum\/\" \/>\n<meta property=\"og:locale\" content=\"hu_HU\" \/>\n<meta property=\"og:type\" content=\"article\" \/>\n<meta property=\"og:title\" content=\"Csirkeh\u00fasos d\u00fcr\u00fcm - Pasa Kebab Tatab\u00e1nya\" \/>\n<meta property=\"og:description\" content=\"\u00c9rdekess\u00e9ge, hogy nem pit\u00e1ban, hanem\u00a0 tortilla t\u00e9szt\u00e1ba tekerj\u00fck fel a grillezett h\u00fast, speci\u00e1lis \u00f6ntettel \u00e9s friss z\u00f6lds\u00e9gekkel (sal\u00e1ta,paradicsom, k\u00e1poszta, lilahagyma,uborka) t\u00e1laljuk, cs\u00edp\u0151s chili paprik\u00e1val f\u0171szerezz\u00fck.\" \/>\n<meta property=\"og:url\" content=\"https:\/\/pasakebab.hu\/tatabanya\/termek\/csirkehusos-durum\/\" \/>\n<meta property=\"og:site_name\" content=\"Pasa Kebab Tatab\u00e1nya\" \/>\n<meta property=\"article:publisher\" content=\"https:\/\/www.facebook.com\/pasa.kebab.nagymama\/\" \/>\n<meta property=\"article:modified_time\" content=\"2026-01-30T18:52:08+00:00\" \/>\n<meta property=\"og:image\" content=\"https:\/\/pasakebab.hu\/tatabanya\/wp-content\/uploads\/sites\/2\/2025\/05\/IMG_0999.jpeg\" \/>\n\t<meta property=\"og:image:width\" content=\"1968\" \/>\n\t<meta property=\"og:image:height\" content=\"1292\" \/>\n\t<meta property=\"og:image:type\" content=\"image\/jpeg\" \/>\n<meta name=\"twitter:card\" content=\"summary_large_image\" \/>\n<meta name=\"twitter:label1\" content=\"Becs\u00fclt olvas\u00e1si id\u0151\" \/>\n\t<meta name=\"twitter:data1\" content=\"1 perc\" \/>\n<script type=\"application\/ld+json\" class=\"yoast-schema-graph\">{\"@context\":\"https:\/\/schema.org\",\"@graph\":[{\"@type\":\"WebPage\",\"@id\":\"https:\/\/pasakebab.hu\/tatabanya\/termek\/csirkehusos-durum\/\",\"url\":\"https:\/\/pasakebab.hu\/tatabanya\/termek\/csirkehusos-durum\/\",\"name\":\"Csirkeh\u00fasos d\u00fcr\u00fcm - Pasa Kebab Tatab\u00e1nya\",\"isPartOf\":{\"@id\":\"https:\/\/pasakebab.hu\/tatabanya\/#website\"},\"primaryImageOfPage\":{\"@id\":\"https:\/\/pasakebab.hu\/tatabanya\/termek\/csirkehusos-durum\/#primaryimage\"},\"image\":{\"@id\":\"https:\/\/pasakebab.hu\/tatabanya\/termek\/csirkehusos-durum\/#primaryimage\"},\"thumbnailUrl\":\"https:\/\/pasakebab.hu\/tatabanya\/wp-content\/uploads\/sites\/2\/2025\/05\/IMG_0999.jpeg\",\"datePublished\":\"2020-12-04T13:36:20+00:00\",\"dateModified\":\"2026-01-30T18:52:08+00:00\",\"breadcrumb\":{\"@id\":\"https:\/\/pasakebab.hu\/tatabanya\/termek\/csirkehusos-durum\/#breadcrumb\"},\"inLanguage\":\"hu\",\"potentialAction\":[{\"@type\":\"ReadAction\",\"target\":[\"https:\/\/pasakebab.hu\/tatabanya\/termek\/csirkehusos-durum\/\"]}]},{\"@type\":\"ImageObject\",\"inLanguage\":\"hu\",\"@id\":\"https:\/\/pasakebab.hu\/tatabanya\/termek\/csirkehusos-durum\/#primaryimage\",\"url\":\"https:\/\/pasakebab.hu\/tatabanya\/wp-content\/uploads\/sites\/2\/2025\/05\/IMG_0999.jpeg\",\"contentUrl\":\"https:\/\/pasakebab.hu\/tatabanya\/wp-content\/uploads\/sites\/2\/2025\/05\/IMG_0999.jpeg\",\"width\":1968,\"height\":1292},{\"@type\":\"BreadcrumbList\",\"@id\":\"https:\/\/pasakebab.hu\/tatabanya\/termek\/csirkehusos-durum\/#breadcrumb\",\"itemListElement\":[{\"@type\":\"ListItem\",\"position\":1,\"name\":\"Home\",\"item\":\"https:\/\/pasakebab.hu\/tatabanya\/\"},{\"@type\":\"ListItem\",\"position\":2,\"name\":\"\u00c9tel rendel\u00e9s\",\"item\":\"https:\/\/pasakebab.hu\/tatabanya\/\"},{\"@type\":\"ListItem\",\"position\":3,\"name\":\"Csirkeh\u00fasos d\u00fcr\u00fcm\"}]},{\"@type\":\"WebSite\",\"@id\":\"https:\/\/pasakebab.hu\/tatabanya\/#website\",\"url\":\"https:\/\/pasakebab.hu\/tatabanya\/\",\"name\":\"Pasa Kebab Tatab\u00e1nya\",\"description\":\"Kebab, D\u00f6ner &amp; Pizza\",\"publisher\":{\"@id\":\"https:\/\/pasakebab.hu\/tatabanya\/#organization\"},\"potentialAction\":[{\"@type\":\"SearchAction\",\"target\":{\"@type\":\"EntryPoint\",\"urlTemplate\":\"https:\/\/pasakebab.hu\/tatabanya\/?s={search_term_string}\"},\"query-input\":{\"@type\":\"PropertyValueSpecification\",\"valueRequired\":true,\"valueName\":\"search_term_string\"}}],\"inLanguage\":\"hu\"},{\"@type\":\"Organization\",\"@id\":\"https:\/\/pasakebab.hu\/tatabanya\/#organization\",\"name\":\"Pasa Kebab D\u00f6ner & Pizza\",\"url\":\"https:\/\/pasakebab.hu\/tatabanya\/\",\"logo\":{\"@type\":\"ImageObject\",\"inLanguage\":\"hu\",\"@id\":\"https:\/\/pasakebab.hu\/tatabanya\/#\/schema\/logo\/image\/\",\"url\":\"https:\/\/pasakebab.hu\/tatabanya\/wp-content\/uploads\/sites\/2\/2020\/05\/pasakebab_logo_email.png\",\"contentUrl\":\"https:\/\/pasakebab.hu\/tatabanya\/wp-content\/uploads\/sites\/2\/2020\/05\/pasakebab_logo_email.png\",\"width\":500,\"height\":69,\"caption\":\"Pasa Kebab D\u00f6ner & Pizza\"},\"image\":{\"@id\":\"https:\/\/pasakebab.hu\/tatabanya\/#\/schema\/logo\/image\/\"},\"sameAs\":[\"https:\/\/www.facebook.com\/pasa.kebab.nagymama\/\",\"https:\/\/www.instagram.com\/pasakebab\/\"]}]}<\/script>\n<!-- \/ Yoast SEO plugin. -->","yoast_head_json":{"title":"Csirkeh\u00fasos d\u00fcr\u00fcm - Pasa Kebab Tatab\u00e1nya","robots":{"index":"index","follow":"follow","max-snippet":"max-snippet:-1","max-image-preview":"max-image-preview:large","max-video-preview":"max-video-preview:-1"},"canonical":"https:\/\/pasakebab.hu\/tatabanya\/termek\/csirkehusos-durum\/","og_locale":"hu_HU","og_type":"article","og_title":"Csirkeh\u00fasos d\u00fcr\u00fcm - Pasa Kebab Tatab\u00e1nya","og_description":"\u00c9rdekess\u00e9ge, hogy nem pit\u00e1ban, hanem\u00a0 tortilla t\u00e9szt\u00e1ba tekerj\u00fck fel a grillezett h\u00fast, speci\u00e1lis \u00f6ntettel \u00e9s friss z\u00f6lds\u00e9gekkel (sal\u00e1ta,paradicsom, k\u00e1poszta, lilahagyma,uborka) t\u00e1laljuk, cs\u00edp\u0151s chili paprik\u00e1val f\u0171szerezz\u00fck.","og_url":"https:\/\/pasakebab.hu\/tatabanya\/termek\/csirkehusos-durum\/","og_site_name":"Pasa Kebab Tatab\u00e1nya","article_publisher":"https:\/\/www.facebook.com\/pasa.kebab.nagymama\/","article_modified_time":"2026-01-30T18:52:08+00:00","og_image":[{"width":1968,"height":1292,"url":"https:\/\/pasakebab.hu\/tatabanya\/wp-content\/uploads\/sites\/2\/2025\/05\/IMG_0999.jpeg","type":"image\/jpeg"}],"twitter_card":"summary_large_image","twitter_misc":{"Becs\u00fclt olvas\u00e1si id\u0151":"1 perc"},"schema":{"@context":"https:\/\/schema.org","@graph":[{"@type":"WebPage","@id":"https:\/\/pasakebab.hu\/tatabanya\/termek\/csirkehusos-durum\/","url":"https:\/\/pasakebab.hu\/tatabanya\/termek\/csirkehusos-durum\/","name":"Csirkeh\u00fasos d\u00fcr\u00fcm - Pasa Kebab Tatab\u00e1nya","isPartOf":{"@id":"https:\/\/pasakebab.hu\/tatabanya\/#website"},"primaryImageOfPage":{"@id":"https:\/\/pasakebab.hu\/tatabanya\/termek\/csirkehusos-durum\/#primaryimage"},"image":{"@id":"https:\/\/pasakebab.hu\/tatabanya\/termek\/csirkehusos-durum\/#primaryimage"},"thumbnailUrl":"https:\/\/pasakebab.hu\/tatabanya\/wp-content\/uploads\/sites\/2\/2025\/05\/IMG_0999.jpeg","datePublished":"2020-12-04T13:36:20+00:00","dateModified":"2026-01-30T18:52:08+00:00","breadcrumb":{"@id":"https:\/\/pasakebab.hu\/tatabanya\/termek\/csirkehusos-durum\/#breadcrumb"},"inLanguage":"hu","potentialAction":[{"@type":"ReadAction","target":["https:\/\/pasakebab.hu\/tatabanya\/termek\/csirkehusos-durum\/"]}]},{"@type":"ImageObject","inLanguage":"hu","@id":"https:\/\/pasakebab.hu\/tatabanya\/termek\/csirkehusos-durum\/#primaryimage","url":"https:\/\/pasakebab.hu\/tatabanya\/wp-content\/uploads\/sites\/2\/2025\/05\/IMG_0999.jpeg","contentUrl":"https:\/\/pasakebab.hu\/tatabanya\/wp-content\/uploads\/sites\/2\/2025\/05\/IMG_0999.jpeg","width":1968,"height":1292},{"@type":"BreadcrumbList","@id":"https:\/\/pasakebab.hu\/tatabanya\/termek\/csirkehusos-durum\/#breadcrumb","itemListElement":[{"@type":"ListItem","position":1,"name":"Home","item":"https:\/\/pasakebab.hu\/tatabanya\/"},{"@type":"ListItem","position":2,"name":"\u00c9tel rendel\u00e9s","item":"https:\/\/pasakebab.hu\/tatabanya\/"},{"@type":"ListItem","position":3,"name":"Csirkeh\u00fasos d\u00fcr\u00fcm"}]},{"@type":"WebSite","@id":"https:\/\/pasakebab.hu\/tatabanya\/#website","url":"https:\/\/pasakebab.hu\/tatabanya\/","name":"Pasa Kebab Tatab\u00e1nya","description":"Kebab, D\u00f6ner &amp; Pizza","publisher":{"@id":"https:\/\/pasakebab.hu\/tatabanya\/#organization"},"potentialAction":[{"@type":"SearchAction","target":{"@type":"EntryPoint","urlTemplate":"https:\/\/pasakebab.hu\/tatabanya\/?s={search_term_string}"},"query-input":{"@type":"PropertyValueSpecification","valueRequired":true,"valueName":"search_term_string"}}],"inLanguage":"hu"},{"@type":"Organization","@id":"https:\/\/pasakebab.hu\/tatabanya\/#organization","name":"Pasa Kebab D\u00f6ner & Pizza","url":"https:\/\/pasakebab.hu\/tatabanya\/","logo":{"@type":"ImageObject","inLanguage":"hu","@id":"https:\/\/pasakebab.hu\/tatabanya\/#\/schema\/logo\/image\/","url":"https:\/\/pasakebab.hu\/tatabanya\/wp-content\/uploads\/sites\/2\/2020\/05\/pasakebab_logo_email.png","contentUrl":"https:\/\/pasakebab.hu\/tatabanya\/wp-content\/uploads\/sites\/2\/2020\/05\/pasakebab_logo_email.png","width":500,"height":69,"caption":"Pasa Kebab D\u00f6ner & Pizza"},"image":{"@id":"https:\/\/pasakebab.hu\/tatabanya\/#\/schema\/logo\/image\/"},"sameAs":["https:\/\/www.facebook.com\/pasa.kebab.nagymama\/","https:\/\/www.instagram.com\/pasakebab\/"]}]}},"acf":[],"_links":{"self":[{"href":"https:\/\/pasakebab.hu\/tatabanya\/wp-json\/wp\/v2\/product\/3227","targetHints":{"allow":["GET"]}}],"collection":[{"href":"https:\/\/pasakebab.hu\/tatabanya\/wp-json\/wp\/v2\/product"}],"about":[{"href":"https:\/\/pasakebab.hu\/tatabanya\/wp-json\/wp\/v2\/types\/product"}],"wp:featuredmedia":[{"embeddable":true,"href":"https:\/\/pasakebab.hu\/tatabanya\/wp-json\/wp\/v2\/media\/17979"}],"wp:attachment":[{"href":"https:\/\/pasakebab.hu\/tatabanya\/wp-json\/wp\/v2\/media?parent=3227"}],"wp:term":[{"taxonomy":"product_brand","embeddable":true,"href":"https:\/\/pasakebab.hu\/tatabanya\/wp-json\/wp\/v2\/product_brand?post=3227"},{"taxonomy":"product_cat","embeddable":true,"href":"https:\/\/pasakebab.hu\/tatabanya\/wp-json\/wp\/v2\/product_cat?post=3227"},{"taxonomy":"product_tag","embeddable":true,"href":"https:\/\/pasakebab.hu\/tatabanya\/wp-json\/wp\/v2\/product_tag?post=3227"}],"curies":[{"name":"wp","href":"https:\/\/api.w.org\/{rel}","templated":true}]}}